-1010101010101100100000
-4b094 (base 13) to base 3
-21001000211
What is 1111010010000001101101 (base 2) in base 13?
aa3518
What is 4535546 (base 8) in base 9?
2270874
Convert -219287 (base 14) to base 6.
-40230223
14055541 (base 6) to base 13
137b87
What is -5244540 (base 6) in base 3?
-110221220120
Convert 25114033 (base 7) to base 4.
20212300333
What is 2c9507 (base 13) in base 9?
2065055
334a20 (base 14) to base 4
12221031310
What is 25508228 (base 9) in base 5?
11201240113
What is -1632037 (base 9) in base 8?
-3353236
What is -113014121 (base 5) in base 15?
-a31c6
-85d09c (base 14) to base 16
-452132
What is 4870502 (base 9) in base 14?
4cba42
Convert 122003212 (base 4) to base 8.
320346
Convert -293d (base 14) to base 4.
-1302023
Convert 5ba47c (base 14) to base 6.
151145102
Convert 75cd1 (base 16) to base 8.
1656321
Convert -33a4 (base 15) to base 6.
-122414
Convert 235025 (base 6) to base 14.
76ad
What is -2693920 (base 10) in base 6?
-133423504
Convert -2263511 (base 8) to base 11.
-391011
What is 5b0a9f (base 16) in base 5?
3011411440
Convert 100100111010101001011011 (base 2) to base 13.
200aa98
540242310 (base 6) to base 5
4420222411
Convert -7a0419 (base 11) to base 7.
-13555035
What is 953640 (base 10) in base 15?
13c860
110122202010 (base 3) to base 16
3cd2c
What is -10000001100010010100 (base 2) in base 12?
-217070
What is -1086310 (base 10) in base 16?
-109366
What is -452735 (base 11) in base 9?
-1317862
Convert -789d (base 16) to base 6.
-354541
11c7b07 (base 13) to base 3
101110101020210
Convert 110011010111010010100 (base 2) to base 8.
6327224
Convert -655517 (base 8) to base 10.
-219983
What is 32463253 (base 7) in base 4?
22220311312
What is -4242112 (base 6) in base 2?
-110010101111011100
Convert -5101 (base 16) to base 6.
-240001
20ad9 (base 15) to base 13
38283
4ca05 (base 16) to base 7
2445022
Convert 3dc02 (base 14) to base 16.
256ba
-11434 (base 11) to base 12
-9665
Convert -51e061 (base 16) to base 10.
-5365857
1a86c4c (base 13) to base 10
8783501
20405155 (base 6) to base 4
2100203333
What is 112210200220 (base 3) in base 9?
483626
721957 (base 14) to base 11
2197772
Convert -110011000110 (base 3) to base 8.
-723024
Convert 13342424 (base 6) to base 7.
3550030
What is -155a515 (base 11) in base 13?
-723705
Convert 132544 (base 6) to base 13.
57a6
Convert 1000100000111100000 (base 2) to base 9.
464648
-222000014 (base 5) to base 12
-3a875b
Convert -110100000010010011001000 (base 2) to base 14.
-1b51264
120b5 (base 15) to base 2
1110000011001001
What is 11043002310 (base 5) in base 3?
211201122112012
What is -121124544 (base 6) in base 13?
-625a23
74727 (base 11) to base 14
2b875
What is 111001121210 (base 3) in base 2?
111110110000100101
Convert -3451055 (base 6) to base 13.
-62c12
1849052 (base 13) to base 12
27a5a05
What is -51346a (base 15) in base 14?
-7262c1
What is 10011010011100101001000 (base 2) in base 10?
5060936
What is 30441410 (base 5) in base 6?
5203325
-727b4 (base 14) to base 4
-1003113122
Convert -10100111100000 (base 2) to base 12.
-6254
What is -53767 (base 8) in base 15?
-6a14
Convert -c3f8 (base 16) to base 2.
-1100001111111000
5319834 (base 10) to base 4
110102302122
5d3cc1 (base 15) to base 4
101002310212
Convert 2c2ba (base 14) to base 13.
3b29b
Convert -a6d96 (base 15) to base 9.
-886376
What is -1004140102 (base 5) in base 14?
-3a888d
-55cb1 (base 16) to base 6
-11310521
4130d8 (base 15) to base 4
23310131111
306546 (base 8) to base 3
12011112221
What is 123340020 (base 5) in base 13?
182884
22004220 (base 5) to base 16
2de9c
Convert -110135 (base 9) to base 4.
-100002323
Convert 1884c8 (base 13) to base 4.
2112323111
1fbfc8 (base 16) to base 3
10220201012102
Convert -2198a73 (base 11) to base 2.
-1110101011011011001000
What is 11000001101101111001001 (base 2) in base 16?
60dbc9
-37c7d2 (base 14) to base 6
-105030220
-89749 (base 15) to base 13
-123bbb
Convert -2132001302 (base 4) to base 3.
-1012212220102
-424030400 (base 5) to base 11
-1008844
13230122 (base 6) to base 13
124cc7
What is 201102122021 (base 3) in base 8?
1352776
What is -172579 (base 12) in base 16?
-613ad
What is 1a8092b (base 13) in base 10?
8769785
Convert -24307432 (base 8) to base 2.
-10100011000111100011010
Convert -22530201 (base 8) to base 14.
-915ba1
What is -203102211 (base 5) in base 12?
-341284
Convert 261d3 (base 14) to base 5.
10444202
-23a244 (base 11) to base 3
-201021202012
Convert 17b3ee (base 16) to base 2.
101111011001111101110
What is 7614036 (base 8) in base 7?
23215036
Convert -2232131321 (base 4) to base 2.
-10101110011101111001
Convert -11220122133 (base 4) to base 16.
-16869f
-17873447 (base 9) to base 14
-12ac865
-4c7b2 (base 13) to base 7
-1130544
256e2e (base 15) to base 6
102251355
-110111111010011110 (base 2) to base 13
-80321
Convert 414337 (base 8) to base 3.
20222112100
What is 13074074 (base 8) in base 12?
b86678
Convert -3471262 (base 8) to base 6.
-32143350
What is 14505541 (base 7) in base 12?
566857
260a2 (base 14) to base 16
16cfe
-13042330 (base 5) to base 12
-61b94
Convert -1910346 (base 12) to base 10.
-5246694
What is -375113 (base 8) in base 2?
-11111101001001011
What is -a1b739 (base 14) in base 12?
-19a8b1b
Convert 511550 (base 7) to base 10.
87059
10000100001000010100 (base 2) to base 14
101336
Convert 219055 (base 10) to base 11.
13a641
Convert -101111000000011 (base 3) to base 15.
-7506cd
Convert -2c4b1 (base 14) to base 2.
-11011000001101011
a16526 (base 12) to base 15
34bab9
Convert -20242334 (base 5) to base 8.
-502740
10001011010011001110 (base 2) to base 8
2132316
Convert -3208aa8 (base 12) to base 16.
-908420
Convert -128815 (base 15) to base 5.
-211430240
-29437 (base 14) to base 9
-165364
1504611 (base 12) to base 2
10000001010101001101101
Convert 232003313 (base 4) to base 3.
100120210112
30131333333 (base 4) to base 15
448722
Convert -202221201102 (base 3) to base 7.
-3335234
What is 4484904 (base 12) in base 15?
1240694
Convert -12123240 (base 5) to base 6.
-2240403
What is -1300330 (base 7) in base 13?
-5b765
What is 9496923 (base 10) in base 2?
100100001110100101011011
Convert 4806965 (base 10) to base 6.
251010245
44457b4 (base 12) to base 5
11314010432
Convert 10ab13 (base 13) to base 10.
395138
What is -11461360 (base 7) in base 6?
-33533434
Convert 11102021221200 (base 3) to base 2.
1000111101010000101001
What is -11122432 (base 6) in base 16?
-52694
2554405 (base 7) to base 14
89475
-1513012 (base 11) to base 3
-11212212022021
Convert 3bc9e6 (base 15) to base 9.
5365460
-32302001002 (base 4) to base 16
-3b2042
What is 991750 (base 13) in base 4?
31233123103
What is 15a7c2 (base 15) in base 3?
1222020121002
1330210 (base 10) to base 16
144c22
716294 (base 10) to base 15
e237e
-1137412 (base 8) to base 12
-13000a
175199 (base 16) to base 12
618475
172052 (base 9) to base 5
11401411
What is -5712214 (base 8) in base 4?
-11321102030
What is 5f2d78 (base 16) in base 4?
113302311320
What is -22216 (base 14) in base 11?
-57181
-45444026 (base 7) to base 12
-13b0055
12233010023 (base 4) to base 15
24d248
192348 (base 10) to base 16
2ef5c
What is -20965c4 (base 13) in base 5?
-10020043404
What is -24d3bd (base 14) in base 5?
-311000424
-430532 (base 7) to base 6
-1333455
What is -2b87955 (base 12) in base 11?
-5021043
-5111541 (base 6) to base 7
-2030536
-1202320230 (base 4) to base 15
-80026
What is 41688 (base 13) in base 6?
2304143
What is -38cb6 (base 15) in base 14?
-4a33c
222010201012222 (base 3) to base 6
1213415555
4205511 (base 10) to base 13
b4328b
Convert -10336215 (base 7) to base 13.
-24c0ab
What is 18a408 (base 13) in base 8?
2277543
What is a8da15 (base 15) in base 8?
36540537
Convert -103011321 (base 4) to base 16.
-13179
Convert 10211221210 (base 3) to base 6.
1342503
What is -1111101110110100 (base 2) in base 9?
-107345
What is 101001011000010010 (base 2) in base 11?
106382
What is 9278e (base 15) in base 5?
104322314
Convert 3500353 (base 7) to base 10.
437167
What is -4603645 (base 8) in base 11?
-781aa5
Convert 1663265 (base 9) to base 2.
11100010011100010101
What is 5c2bc (base 13) in base 15?
3540c
What is -2751662 (base 8) in base 14?
-162678
205130 (base 6) to base 11
1159a
What is -3314401 (base 5) in base 12?
-29318
What is -2475425 (